{"id":8,"date":"2013-02-01T10:35:50","date_gmt":"2013-02-01T09:35:50","guid":{"rendered":"http:\/\/uli-freese.de\/neu\/2013\/02\/01\/ulrich-freese-vita-lebenslauf-vorstellung\/"},"modified":"2021-10-25T12:54:53","modified_gmt":"2021-10-25T10:54:53","slug":"ulrich-freese-vita-lebenslauf-vorstellung","status":"publish","type":"page","link":"https:\/\/uli-freese.de\/neu\/ulrich-freese-vita-lebenslauf-vorstellung\/","title":{"rendered":"\u00dcber mich"},"content":{"rendered":"<p style=\"text-align: left;\"><img loading=\"lazy\" class=\" alignleft size-full wp-image-6\" style=\"float: left;\" src=\"http:\/\/uli-freese.de\/neu\/wp-content\/uploads\/2013\/02\/Uli_Freese_Bundestag_WEB.jpg\" alt=\"Uli Freese im Paul L\u00f6be-Haus Berlin (Foto: M. Heger)\" width=\"300\" height=\"200\" srcset=\"https:\/\/uli-freese.de\/neu\/wp-content\/uploads\/2013\/02\/Uli_Freese_Bundestag_WEB.jpg 686w, https:\/\/uli-freese.de\/neu\/wp-content\/uploads\/2013\/02\/Uli_Freese_Bundestag_WEB-300x200.jpg 300w\" sizes=\"(max-width: 300px) 100vw, 300px\" \/>1951 wurde ich in Drevenack geboren, besuchte die Volksschule, absolvierte eine Lehre als Betriebsschlosser und arbeitete im Steinkohlebergbau als Schlosser unter Tage. Ich bin verheiratet und habe drei erwachsene S\u00f6hne.<\/p>\n<p style=\"text-align: left;\">1965 wurde ich Mitglied der IG Bergbau und Energie (IG BE). Als gew\u00e4hlter Jugendvertreter konnte ich in den Jahren 1971 bis 1975 Erfahrungen in der betrieblichen Mitbestimmung sammeln. Auf Seminaren der IG BE und w\u00e4hrend des Studiums an der Akademie der Arbeit erwarb ich umfangreiches Wissen auf den Gebieten des Arbeits- und Sozialrechtes, sowie der Wirtschafts-, Sozial- und Energiepolitik.<\/p>\n<p style=\"text-align: left;\">Seit April 1976\u00a0war ich als Gewerkschaftssekret\u00e4r bei der IG BE besch\u00e4ftigt. Jugend-, Betriebsr\u00e4te-, Arbeitsrechtssekret\u00e4r und stellvertretender Leiter der Gewerkschaftsschule waren dabei meine Stationen. Am 17. April 1990 nahm ich meine T\u00e4tigkeit f\u00fcr die Arbeitnehmer der ostdeutschen Bergbau- und Energiewirtschaft in Leipzig auf. Von November 1990 bis Oktober 1997 war ich Bezirksleiter der IG BE in der Lausitz, mit Sitz in Cottbus.<\/p>\n<p style=\"text-align: left;\">Mit der Fusion von IG Bergbau und Energie, IG Chemie-Papier-Keramik und Gewerkschaft Leder zur IG BCE im Oktober 1997, wurde ich Leiter des Landesbezirkes des IG BCE-Landesbezirks Brandenburg\/Sachsen.<\/p>\n<p style=\"text-align: left;\">Auf dem 1. Au\u00dferordentlichen Gewerkschaftskongress am 12.10.1999, wurde ich in den gesch\u00e4ftsf\u00fchrenden Hauptvorstand der IG Bergbau, Chemie, Energie gew\u00e4hlt. Als stellvertretender Vorsitzender der IG BCE, war ich von M\u00e4rz 2004 <a href=\"http:\/\/uli-freese.de\/neu\/2013\/10\/16\/igbce-de-ruehrender-abschied\/\">bis zum 15. Oktober 2013<\/a> zust\u00e4ndig f\u00fcr den Vorstandsbereich 2 mit den Abteilungen: Betriebsverfassung, Mitbestimmung, Sozialpolitik\/Gesundheit\/Rentenpolitik, Arbeits- und Gesundheitsschutz, Migration\/Integration, Regionalforen\/Vertrauensleute\/Ortsgruppen und Betriebspolitik.<\/p>\n<p style=\"text-align: left;\">Der SPD geh\u00f6re ich bereits seit 1970 an. In der SPD war ich bisher als Ortsvereinsvorsitzender, Stadtverordneter (von 1989 bis 1990 in Herten\/Westfalen) und SPD-Unterbezirksvorsitzender (von 1993 bis 2003 und seit 2013\u00a0im Landkreis Spree-Nei\u00dfe) t\u00e4tig. F\u00fcr die SPD wurde ich 1994 und 1999 im Wahlkreis 42 direkt in den Landtag Brandenburg gew\u00e4hlt.\u00a0Von 2008 bis 2014 geh\u00f6rte ich dem Kreistag Spree-Nei\u00dfe an, 2019 wurde ich erneut Kreistagsabgeordneter.<\/p>\n<p style=\"text-align: left;\">Als Arbeitnehmervertreter war ich Mitglied in diversen Aufsichtsr\u00e4ten und war von\u00a0Oktober 2005 <a href=\"http:\/\/uli-freese.de\/neu\/2014\/06\/11\/ein-stueck-gelebte-deutsche-einheit-geht\/\">bis zum 11. Juni 2014<\/a>\u00a0als ehrenamtlicher Vorstandsvorsitzender der Deutschen Rentenversicherung Knappschaft-Bahn-See t\u00e4tig.<\/p>\n<p style=\"text-align: left;\"><img loading=\"lazy\" class=\" size-full wp-image-7\" src=\"http:\/\/uli-freese.de\/neu\/wp-content\/uploads\/2013\/02\/Uli_Freese_Bundestag_4.jpg\" alt=\"Uli Freese in seinem Abgeordneten-B\u00fcro im Paul L\u00f6be-Haus in Berlin (Foto: M. Heger)\" width=\"686\" height=\"457\" srcset=\"https:\/\/uli-freese.de\/neu\/wp-content\/uploads\/2013\/02\/Uli_Freese_Bundestag_4.jpg 686w, https:\/\/uli-freese.de\/neu\/wp-content\/uploads\/2013\/02\/Uli_Freese_Bundestag_4-300x200.jpg 300w\" sizes=\"(max-width: 686px) 100vw, 686px\" \/><\/p>\n<p style=\"text-align: left;\">Vom 22.\u00a0Oktober 2013 war ich Mitglied des 18. Deutschen Bundestages in Berlin.\u00a0Im Januar 2014 wurde ich ordentliches Mitglied im Ausschuss f\u00fcr Wirtschaft und Energie sowie stellvertretendes Mitglied im Haushaltsausschuss, dem Ausschuss f\u00fcr Ern\u00e4hrung und Landwirtschaft\u00a0und dem Ausschuss f\u00fcr Gesundheit.<\/p>\n<p><strong>Seit dem 24. Oktober 2017 war ich Mitglied des 19. Deutschen Bundestages in Berlin und dort seit dem 29. Januar 2018 ordentliches Mitglied im Ausschuss f\u00fcr Wirtschaft und Energie sowie\u00a0stellvertretendes Mitglied im Haushaltsausschuss als Berichterstatter der SPD-Fraktion f\u00fcr den Haushalt des Bundesrates und des BMEL.<\/strong><\/p>\n<p>Meine Abgeordnetent\u00e4tigkeit f\u00fcr den Wahlkreis Cottbus\/Spree-Nei\u00dfe endete am 26. Oktober 2021 mit der konstituierenden Sitzung des 20. Deutschen Bundestages.<\/p>\n<p style=\"text-align: left;\">Die gew\u00e4hlten Mitglieder der Sozialdemokratischen Partei Deutschlands bildeten gemeinsam die SPD-Bundestagsfraktion und vertraten die sozialdemokratische Politik im Deutschen Bundestag. Seit der Bundestagswahl am 24. September 2017 setzte sich die SPD-Bundestagsfraktion f\u00fcr die 19. Legislaturperiode aus 153 Abgeordneten zusammen. Gemeinsam mit Sylvia Lehmann, Dagmar Ziegler und Stefan Zierke bildeten wir die <a href=\"https:\/\/www.spdfraktion.de\/abgeordnete\/suche\" target=\"_blank\" rel=\"noopener noreferrer\">Landesgruppe Brandenburg<\/a> der <a href=\"http:\/\/www.spdfraktion.de\/\" target=\"_blank\" rel=\"noopener noreferrer\">SPD-Bundestagsfraktion<\/a>.<\/p>\n<p>Die wirtschaftliche Basis der Lausitz erhalten und weiterentwickeln ist stets die Basis f\u00fcr wirtschaftliche, soziale und gesellschaftliche Entwicklung in unserer Region und in meinem Wahlkreis. Daf\u00fcr setzte ich mich als Mitglied des Wirtschatfs- und Energieausschusses in beiden Legislaturperioden nachhaltig ein. Dazu geh\u00f6rte auch die Entwicklung der l\u00e4ndlichen R\u00e4ume und Ausgestaltung der Zukunftsperspektiven der mittelst\u00e4ndischen und landwirtschaftlichen Unternehmen.<\/p>\n<p><span style=\"font-weight: 400;\">Erwartungsvoll schaue ich in die Zukunft, denn ich werde weiterhin als Kreistagsabgeordneter ehrenamtlich Politik f\u00fcr die B\u00fcrgerinnen und B\u00fcrger in Spree-Nei\u00dfe mitgestalten.<\/span><\/p>\n","protected":false},"excerpt":{"rendered":"<p>1951 wurde ich in Drevenack geboren, besuchte die Volksschule, absolvierte eine Lehre als Betriebsschlosser und arbeitete im Steinkohlebergbau als Schlosser unter Tage. Ich bin verheiratet und habe drei erwachsene S\u00f6hne. 1965 wurde ich Mitglied der IG Bergbau und Energie (IG BE). Als gew\u00e4hlter Jugendvertreter konnte ich in den Jahren 1971 bis 1975 Erfahrungen in der [&hellip;]<\/p>\n","protected":false},"author":1,"featured_media":6,"parent":0,"menu_order":1,"comment_status":"closed","ping_status":"open","template":"","meta":[],"_links":{"self":[{"href":"https:\/\/uli-freese.de\/neu\/wp-json\/wp\/v2\/pages\/8"}],"collection":[{"href":"https:\/\/uli-freese.de\/neu\/wp-json\/wp\/v2\/pages"}],"about":[{"href":"https:\/\/uli-freese.de\/neu\/wp-json\/wp\/v2\/types\/page"}],"author":[{"embeddable":true,"href":"https:\/\/uli-freese.de\/neu\/wp-json\/wp\/v2\/users\/1"}],"replies":[{"embeddable":true,"href":"https:\/\/uli-freese.de\/neu\/wp-json\/wp\/v2\/comments?post=8"}],"version-history":[{"count":10,"href":"https:\/\/uli-freese.de\/neu\/wp-json\/wp\/v2\/pages\/8\/revisions"}],"predecessor-version":[{"id":5319,"href":"https:\/\/uli-freese.de\/neu\/wp-json\/wp\/v2\/pages\/8\/revisions\/5319"}],"wp:featuredmedia":[{"embeddable":true,"href":"https:\/\/uli-freese.de\/neu\/wp-json\/wp\/v2\/media\/6"}],"wp:attachment":[{"href":"https:\/\/uli-freese.de\/neu\/wp-json\/wp\/v2\/media?parent=8"}],"curies":[{"name":"wp","href":"https:\/\/api.w.org\/{rel}","templated":true}]}}

Über mich

<p style="text-align: left;"><img loading="lazy" class=" alignleft size-full wp-image-6" style="float: left;" src="http://uli-freese.de/neu/wp-content/uploads/2013/02/Uli_Freese_Bundestag_WEB.jpg" alt="Uli Freese im Paul Löbe-Haus Berlin (Foto: M. Heger)" width="300" height="200" srcset="https://uli-freese.de/neu/wp-content/uploads/2013/02/Uli_Freese_Bundestag_WEB.jpg 686w, https://uli-freese.de/neu/wp-content/uploads/2013/02/Uli_Freese_Bundestag_WEB-300x200.jpg 300w" sizes="(max-width: 300px) 100vw, 300px" />1951 wurde ich in Drevenack geboren, besuchte die Volksschule, absolvierte eine Lehre als Betriebsschlosser und arbeitete im Steinkohlebergbau als Schlosser unter Tage. Ich bin verheiratet und habe drei erwachsene Söhne.</p>
<p style="text-align: left;">1965 wurde ich Mitglied der IG Bergbau und Energie (IG BE). Als gewählter Jugendvertreter konnte ich in den Jahren 1971 bis 1975 Erfahrungen in der betrieblichen Mitbestimmung sammeln. Auf Seminaren der IG BE und während des Studiums an der Akademie der Arbeit erwarb ich umfangreiches Wissen auf den Gebieten des Arbeits- und Sozialrechtes, sowie der Wirtschafts-, Sozial- und Energiepolitik.</p>
<p style="text-align: left;">Seit April 1976 war ich als Gewerkschaftssekretär bei der IG BE beschäftigt. Jugend-, Betriebsräte-, Arbeitsrechtssekretär und stellvertretender Leiter der Gewerkschaftsschule waren dabei meine Stationen. Am 17. April 1990 nahm ich meine Tätigkeit für die Arbeitnehmer der ostdeutschen Bergbau- und Energiewirtschaft in Leipzig auf. Von November 1990 bis Oktober 1997 war ich Bezirksleiter der IG BE in der Lausitz, mit Sitz in Cottbus.</p>
<p style="text-align: left;">Mit der Fusion von IG Bergbau und Energie, IG Chemie-Papier-Keramik und Gewerkschaft Leder zur IG BCE im Oktober 1997, wurde ich Leiter des Landesbezirkes des IG BCE-Landesbezirks Brandenburg/Sachsen.</p>
<p style="text-align: left;">Auf dem 1. Außerordentlichen Gewerkschaftskongress am 12.10.1999, wurde ich in den geschäftsführenden Hauptvorstand der IG Bergbau, Chemie, Energie gewählt. Als stellvertretender Vorsitzender der IG BCE, war ich von März 2004 <a href="http://uli-freese.de/neu/2013/10/16/igbce-de-ruehrender-abschied/">bis zum 15. Oktober 2013</a> zuständig für den Vorstandsbereich 2 mit den Abteilungen: Betriebsverfassung, Mitbestimmung, Sozialpolitik/Gesundheit/Rentenpolitik, Arbeits- und Gesundheitsschutz, Migration/Integration, Regionalforen/Vertrauensleute/Ortsgruppen und Betriebspolitik.</p>
<p style="text-align: left;">Der SPD gehöre ich bereits seit 1970 an. In der SPD war ich bisher als Ortsvereinsvorsitzender, Stadtverordneter (von 1989 bis 1990 in Herten/Westfalen) und SPD-Unterbezirksvorsitzender (von 1993 bis 2003 und seit 2013 im Landkreis Spree-Neiße) tätig. Für die SPD wurde ich 1994 und 1999 im Wahlkreis 42 direkt in den Landtag Brandenburg gewählt. Von 2008 bis 2014 gehörte ich dem Kreistag Spree-Neiße an, 2019 wurde ich erneut Kreistagsabgeordneter.</p>
<p style="text-align: left;">Als Arbeitnehmervertreter war ich Mitglied in diversen Aufsichtsräten und war von Oktober 2005 <a href="http://uli-freese.de/neu/2014/06/11/ein-stueck-gelebte-deutsche-einheit-geht/">bis zum 11. Juni 2014</a> als ehrenamtlicher Vorstandsvorsitzender der Deutschen Rentenversicherung Knappschaft-Bahn-See tätig.</p>
<p style="text-align: left;"><img loading="lazy" class=" size-full wp-image-7" src="http://uli-freese.de/neu/wp-content/uploads/2013/02/Uli_Freese_Bundestag_4.jpg" alt="Uli Freese in seinem Abgeordneten-Büro im Paul Löbe-Haus in Berlin (Foto: M. Heger)" width="686" height="457" srcset="https://uli-freese.de/neu/wp-content/uploads/2013/02/Uli_Freese_Bundestag_4.jpg 686w, https://uli-freese.de/neu/wp-content/uploads/2013/02/Uli_Freese_Bundestag_4-300x200.jpg 300w" sizes="(max-width: 686px) 100vw, 686px" /></p>
<p style="text-align: left;">Vom 22. Oktober 2013 war ich Mitglied des 18. Deutschen Bundestages in Berlin. Im Januar 2014 wurde ich ordentliches Mitglied im Ausschuss für Wirtschaft und Energie sowie stellvertretendes Mitglied im Haushaltsausschuss, dem Ausschuss für Ernährung und Landwirtschaft und dem Ausschuss für Gesundheit.</p>
<p><strong>Seit dem 24. Oktober 2017 war ich Mitglied des 19. Deutschen Bundestages in Berlin und dort seit dem 29. Januar 2018 ordentliches Mitglied im Ausschuss für Wirtschaft und Energie sowie stellvertretendes Mitglied im Haushaltsausschuss als Berichterstatter der SPD-Fraktion für den Haushalt des Bundesrates und des BMEL.</strong></p>
<p>Meine Abgeordnetentätigkeit für den Wahlkreis Cottbus/Spree-Neiße endete am 26. Oktober 2021 mit der konstituierenden Sitzung des 20. Deutschen Bundestages.</p>
<p style="text-align: left;">Die gewählten Mitglieder der Sozialdemokratischen Partei Deutschlands bildeten gemeinsam die SPD-Bundestagsfraktion und vertraten die sozialdemokratische Politik im Deutschen Bundestag. Seit der Bundestagswahl am 24. September 2017 setzte sich die SPD-Bundestagsfraktion für die 19. Legislaturperiode aus 153 Abgeordneten zusammen. Gemeinsam mit Sylvia Lehmann, Dagmar Ziegler und Stefan Zierke bildeten wir die <a href="https://www.spdfraktion.de/abgeordnete/suche" target="_blank" rel="noopener noreferrer">Landesgruppe Brandenburg</a> der <a href="http://www.spdfraktion.de/" target="_blank" rel="noopener noreferrer">SPD-Bundestagsfraktion</a>.</p>
<p>Die wirtschaftliche Basis der Lausitz erhalten und weiterentwickeln ist stets die Basis für wirtschaftliche, soziale und gesellschaftliche Entwicklung in unserer Region und in meinem Wahlkreis. Dafür setzte ich mich als Mitglied des Wirtschatfs- und Energieausschusses in beiden Legislaturperioden nachhaltig ein. Dazu gehörte auch die Entwicklung der ländlichen Räume und Ausgestaltung der Zukunftsperspektiven der mittelständischen und landwirtschaftlichen Unternehmen.</p>
<p><span style="font-weight: 400;">Erwartungsvoll schaue ich in die Zukunft, denn ich werde weiterhin als Kreistagsabgeordneter ehrenamtlich Politik für die Bürgerinnen und Bürger in Spree-Neiße mitgestalten.</span></p>

<p>1951 wurde ich in Drevenack geboren, besuchte die Volksschule, absolvierte eine Lehre als Betriebsschlosser und arbeitete im Steinkohlebergbau als Schlosser unter Tage. Ich bin verheiratet und habe drei erwachsene Söhne. 1965 wurde ich Mitglied der IG Bergbau und Energie (IG BE). Als gewählter Jugendvertreter konnte ich in den Jahren 1971 bis 1975 Erfahrungen in der [&hellip;]</p>
